{"id":532,"date":"2025-02-20T15:44:08","date_gmt":"2025-02-20T14:44:08","guid":{"rendered":"https:\/\/adhap-2025.staging-env.fr\/carriere\/?page_id=532"},"modified":"2025-04-04T12:40:54","modified_gmt":"2025-04-04T10:40:54","slug":"les-avantages","status":"publish","type":"page","link":"https:\/\/www.adhap.fr\/carriere\/travailler-chez-adhap\/les-avantages\/","title":{"rendered":"Les avantages"},"content":{"rendered":"  <!-- Cover edito -->\n  <section class=\"cover-edito\" data-id=\"69e05d40d308a\">\n    <img decoding=\"async\" class=\"cover-edito__image\" src=\"https:\/\/www.adhap.fr\/carriere\/wp-content\/uploads\/sites\/2\/2025\/02\/groupe.jpg\" alt=\"groupe\" fetchpriority=\"high\">\n    <div class=\"cover-edito__bg\"><\/div>\n    <div class=\"cover-edito__content\">\n      <h1 class=\"cover-edito__content--title\">Les avantages<\/h1>\n      <p class=\"cover-edito__content--subtitle\">Travailler chez ADHAP c&rsquo;est b\u00e9n\u00e9ficier d&rsquo;avantages exclusifs<\/p>\n    <\/div>\n    <div class=\"cover-edito__border\"><\/div>\n  <\/section>\n\n\n\n\n<!-- Benefits -->\n<section class=\"benefits\" data-id=\"69e05d40d4c2b\">\n  <div class=\"benefits__visual\">\n    <img decoding=\"async\" class=\"benefits__visual--image\" src=\"https:\/\/www.adhap.fr\/carriere\/wp-content\/uploads\/sites\/2\/2025\/02\/Bianca_RVB-Copie.png\" alt=\"Bianca_RVB- Copie\" loading=\"lazy\">\n    <div class=\"benefits__visual--content\">\n      <div class=\"benefits__visual--content-job\">Bianca<\/div>\n      <div class=\"benefits__visual--content-name\">Auxiliaire de vie<\/div>\n      <div class=\"benefits__visual--content-seniority\">Chez ADHAP depuis 2013<\/div>\n    <\/div>\n  <\/div>\n  <div class=\"benefits__content\">\n    <div class=\"u-container\">\n      <div class=\"u-grid\">\n        <div class=\"col-start-1 col-span-12 md:col-span-7 lg:col-span-6 xl:col-span-4\">\n            <div class=\"titles u-border-l text-white\">\n    <h2 class=\"title \">\n      Pourquoi travailler chez ADHAP    <\/h2>\n      <\/div>\n        <\/div>\n      <\/div>\n      <div class=\"u-grid\">\n        <div class=\"col-start-1 col-span-12\">\n          <div class=\"benefits__content--cards\">\n            <div class=\"grid grid-cols-1 gap-10 md:grid-cols-2 md:gap-20 lg:grid-cols-4\">\n                                                <div class=\"card-benefit\">\n    <div class=\"card-benefit__wrapper\">\n            <div class=\"card-benefit__content\">\n        <h3 class=\"card-benefit__content--title\">Faire partie d&rsquo;une \u00e9quipe<\/h3>\n        <p class=\"card-benefit__content--description\">Vos responsables seront toujours \u00e0 votre \u00e9coute et vous accompagneront notamment au travers de r\u00e9unions d\u2019\u00e9quipe et de suivis individuels r\u00e9guliers ! Des moments conviviaux seront \u00e9galement organis\u00e9s car chez ADHAP, nous faisons tout pour que vous vous sentiez soutenu(e) et \u00e9panoui(e) dans votre travail et au sein de votre \u00e9quipe.<\/p>\n      <\/div>\n    <\/div>\n  <\/div>\n                                                <div class=\"card-benefit\">\n    <div class=\"card-benefit__wrapper\">\n            <div class=\"card-benefit__content\">\n        <h3 class=\"card-benefit__content--title\">\u00c9voluer \u00e0 nos c\u00f4t\u00e9s<\/h3>\n        <p class=\"card-benefit__content--description\">D\u00e8s votre arriv\u00e9e, vous b\u00e9n\u00e9ficierez d\u2019un parcours d\u2019int\u00e9gration et nous vous formerons r\u00e9guli\u00e8rement sur diverses th\u00e9matiques pour perfectionner vos comp\u00e9tences. Des \u00e9volutions vers d\u2019autres postes au sein du centre seront \u00e9galement possibles.<\/p>\n      <\/div>\n    <\/div>\n  <\/div>\n                                                <div class=\"card-benefit\">\n    <div class=\"card-benefit__wrapper\">\n            <div class=\"card-benefit__content\">\n        <h3 class=\"card-benefit__content--title\">Respecter votre \u00e9quilibre de vie<\/h3>\n        <p class=\"card-benefit__content--description\">Chez ADHAP, vous b\u00e9n\u00e9ficierez au minimum d\u2019un jour de repos fixe par semaine d\u00e9fini avec vous lors de votre recrutement et d\u2019un week-end sur 2 non-travaill\u00e9. De plus, nous nous efforcerons toujours d\u2019adapter vos plannings en fonction de vos besoins personnels (ex : la possibilit\u00e9 de vous rendre en toute s\u00e9r\u00e9nit\u00e9 \u00e0 un RDV m\u00e9dical).<\/p>\n      <\/div>\n    <\/div>\n  <\/div>\n                                                <div class=\"card-benefit\">\n    <div class=\"card-benefit__wrapper\">\n            <div class=\"card-benefit__content\">\n        <h3 class=\"card-benefit__content--title\">Am\u00e9liorer votre pouvoir d&rsquo;achat<\/h3>\n        <p class=\"card-benefit__content--description\">Pour vos d\u00e9placements professionnels, nous vous pr\u00eaterons un v\u00e9hicule de soci\u00e9t\u00e9 ou nous vous rembourserons les frais kilom\u00e9triques en cas d\u2019utilisation de votre v\u00e9hicule personnel. Nous prendrons en charge 50% de votre mutuelle d\u2019entreprise et vous pourrez b\u00e9n\u00e9ficier de diff\u00e9rentes remises gr\u00e2ce \u00e0 notre CE externalis\u00e9.<\/p>\n      <\/div>\n    <\/div>\n  <\/div>\n                          <\/div>\n          <\/div>\n        <\/div>\n      <\/div>\n      <!-- Visual mobile -->\n      <div class=\"benefits__visual-m\">\n                  <img decoding=\"async\" class=\"benefits__visual-m--image\" src=\"https:\/\/www.adhap.fr\/carriere\/wp-content\/uploads\/sites\/2\/2025\/02\/Bianca_RVB-Copie.png\" alt=\"Bianca_RVB- Copie\" loading=\"lazy\">\n                <div class=\"benefits__visual-m--content\">\n          <div class=\"benefits__visual-m--content-job\">Bianca<\/div>\n          <div class=\"benefits__visual-m--content-name\">Auxiliaire de vie<\/div>\n          <div class=\"benefits__visual-m--content-seniority\">Chez ADHAP depuis 2013<\/div>\n        <\/div>\n      <\/div>\n    <\/div>\n  <\/div>\n<\/section>\n  \n\n\n\n  \n<!-- Content-image -->\n<section class=\"content-image image left\" data-id=\"69e05d40d5ab2\">\n  <div class=\"u-container\">\n    <div class=\"u-grid\">\n      <div class=\"col-start-1 col-span-12\">\n        <div class=\"content-image__wrapper\">\n                      <div class=\"content-image__image\">\n              <img decoding=\"async\" src=\"https:\/\/www.adhap.fr\/carriere\/wp-content\/uploads\/sites\/2\/2025\/02\/Rafika_CMJN-Copie-sans-logo-e1740749639803.png\" alt=\"Rafika_CMJN - Copie sans logo\" loading=\"lazy\">\n            <\/div>\n          \n          <div class=\"content-image__content\">\n            <div class=\"titles w\"><h2 class=\"title\"><b>93,9%* de nos salari\u00e9(e)s sont satisfait(e)s de travailler chez nous !<\/b><\/h2><\/div>\n<p><span style=\"font-weight: 400\">*Enqu\u00eate RH interne 2024 sur 1078 r\u00e9pondants<\/span><\/p>\n                      <\/div>\n        <\/div>\n      <\/div>\n    <\/div>\n  <\/div>\n<\/section>\n","protected":false},"excerpt":{"rendered":"","protected":false},"author":3,"featured_media":0,"parent":550,"menu_order":0,"comment_status":"closed","ping_status":"closed","template":"","meta":{"_acf_changed":false,"footnotes":""},"class_list":["post-532","page","type-page","status-publish","hentry"],"acf":[],"yoast_head":"<!-- This site is optimized with the Yoast SEO plugin v27.4 - https:\/\/yoast.com\/product\/yoast-seo-wordpress\/ -->\n<title>Les avantages<\/title>\n<meta name=\"description\" content=\"Travailler chez ADHAP, sp\u00e9cialiste de l&#039;aide \u00e0 domicile, c&#039;est b\u00e9n\u00e9ficier d&#039;avantages exclusifs. ADHAP recrute et forme partout en France.\" \/>\n<meta name=\"robots\" content=\"index, follow, max-snippet:-1, max-image-preview:large, max-video-preview:-1\" \/>\n<link rel=\"canonical\" href=\"https:\/\/www.adhap.fr\/carriere\/travailler-chez-adhap\/les-avantages\/\" \/>\n<meta property=\"og:locale\" content=\"fr_FR\" \/>\n<meta property=\"og:type\" content=\"article\" \/>\n<meta property=\"og:title\" content=\"Les avantages\" \/>\n<meta property=\"og:description\" content=\"Travailler chez ADHAP, sp\u00e9cialiste de l&#039;aide \u00e0 domicile, c&#039;est b\u00e9n\u00e9ficier d&#039;avantages exclusifs. ADHAP recrute et forme partout en France.\" \/>\n<meta property=\"og:url\" content=\"https:\/\/www.adhap.fr\/carriere\/travailler-chez-adhap\/les-avantages\/\" \/>\n<meta property=\"og:site_name\" content=\"Espace marque employeur\" \/>\n<meta property=\"article:modified_time\" content=\"2025-04-04T10:40:54+00:00\" \/>\n<meta name=\"twitter:card\" content=\"summary_large_image\" \/>\n<script type=\"application\/ld+json\" class=\"yoast-schema-graph\">{\"@context\":\"https:\\\/\\\/schema.org\",\"@graph\":[{\"@type\":\"WebPage\",\"@id\":\"https:\\\/\\\/www.adhap.fr\\\/carriere\\\/travailler-chez-adhap\\\/les-avantages\\\/\",\"url\":\"https:\\\/\\\/www.adhap.fr\\\/carriere\\\/travailler-chez-adhap\\\/les-avantages\\\/\",\"name\":\"Les avantages\",\"isPartOf\":{\"@id\":\"https:\\\/\\\/www.adhap.fr\\\/carriere\\\/#website\"},\"datePublished\":\"2025-02-20T14:44:08+00:00\",\"dateModified\":\"2025-04-04T10:40:54+00:00\",\"description\":\"Travailler chez ADHAP, sp\u00e9cialiste de l'aide \u00e0 domicile, c'est b\u00e9n\u00e9ficier d'avantages exclusifs. ADHAP recrute et forme partout en France.\",\"breadcrumb\":{\"@id\":\"https:\\\/\\\/www.adhap.fr\\\/carriere\\\/travailler-chez-adhap\\\/les-avantages\\\/#breadcrumb\"},\"inLanguage\":\"fr-FR\",\"potentialAction\":[{\"@type\":\"ReadAction\",\"target\":[\"https:\\\/\\\/www.adhap.fr\\\/carriere\\\/travailler-chez-adhap\\\/les-avantages\\\/\"]}]},{\"@type\":\"BreadcrumbList\",\"@id\":\"https:\\\/\\\/www.adhap.fr\\\/carriere\\\/travailler-chez-adhap\\\/les-avantages\\\/#breadcrumb\",\"itemListElement\":[{\"@type\":\"ListItem\",\"position\":1,\"name\":\"Accueil\",\"item\":\"https:\\\/\\\/www.adhap.fr\\\/carriere\\\/\"},{\"@type\":\"ListItem\",\"position\":2,\"name\":\"Travailler chez ADHAP\",\"item\":\"https:\\\/\\\/www.adhap.fr\\\/carriere\\\/travailler-chez-adhap\\\/\"},{\"@type\":\"ListItem\",\"position\":3,\"name\":\"Les avantages\"}]},{\"@type\":\"WebSite\",\"@id\":\"https:\\\/\\\/www.adhap.fr\\\/carriere\\\/#website\",\"url\":\"https:\\\/\\\/www.adhap.fr\\\/carriere\\\/\",\"name\":\"Espace marque employeur\",\"description\":\"\",\"potentialAction\":[{\"@type\":\"SearchAction\",\"target\":{\"@type\":\"EntryPoint\",\"urlTemplate\":\"https:\\\/\\\/www.adhap.fr\\\/carriere\\\/?s={search_term_string}\"},\"query-input\":{\"@type\":\"PropertyValueSpecification\",\"valueRequired\":true,\"valueName\":\"search_term_string\"}}],\"inLanguage\":\"fr-FR\"}]}<\/script>\n<!-- \/ Yoast SEO plugin. -->","yoast_head_json":{"title":"Les avantages","description":"Travailler chez ADHAP, sp\u00e9cialiste de l'aide \u00e0 domicile, c'est b\u00e9n\u00e9ficier d'avantages exclusifs. ADHAP recrute et forme partout en France.","robots":{"index":"index","follow":"follow","max-snippet":"max-snippet:-1","max-image-preview":"max-image-preview:large","max-video-preview":"max-video-preview:-1"},"canonical":"https:\/\/www.adhap.fr\/carriere\/travailler-chez-adhap\/les-avantages\/","og_locale":"fr_FR","og_type":"article","og_title":"Les avantages","og_description":"Travailler chez ADHAP, sp\u00e9cialiste de l'aide \u00e0 domicile, c'est b\u00e9n\u00e9ficier d'avantages exclusifs. ADHAP recrute et forme partout en France.","og_url":"https:\/\/www.adhap.fr\/carriere\/travailler-chez-adhap\/les-avantages\/","og_site_name":"Espace marque employeur","article_modified_time":"2025-04-04T10:40:54+00:00","twitter_card":"summary_large_image","schema":{"@context":"https:\/\/schema.org","@graph":[{"@type":"WebPage","@id":"https:\/\/www.adhap.fr\/carriere\/travailler-chez-adhap\/les-avantages\/","url":"https:\/\/www.adhap.fr\/carriere\/travailler-chez-adhap\/les-avantages\/","name":"Les avantages","isPartOf":{"@id":"https:\/\/www.adhap.fr\/carriere\/#website"},"datePublished":"2025-02-20T14:44:08+00:00","dateModified":"2025-04-04T10:40:54+00:00","description":"Travailler chez ADHAP, sp\u00e9cialiste de l'aide \u00e0 domicile, c'est b\u00e9n\u00e9ficier d'avantages exclusifs. ADHAP recrute et forme partout en France.","breadcrumb":{"@id":"https:\/\/www.adhap.fr\/carriere\/travailler-chez-adhap\/les-avantages\/#breadcrumb"},"inLanguage":"fr-FR","potentialAction":[{"@type":"ReadAction","target":["https:\/\/www.adhap.fr\/carriere\/travailler-chez-adhap\/les-avantages\/"]}]},{"@type":"BreadcrumbList","@id":"https:\/\/www.adhap.fr\/carriere\/travailler-chez-adhap\/les-avantages\/#breadcrumb","itemListElement":[{"@type":"ListItem","position":1,"name":"Accueil","item":"https:\/\/www.adhap.fr\/carriere\/"},{"@type":"ListItem","position":2,"name":"Travailler chez ADHAP","item":"https:\/\/www.adhap.fr\/carriere\/travailler-chez-adhap\/"},{"@type":"ListItem","position":3,"name":"Les avantages"}]},{"@type":"WebSite","@id":"https:\/\/www.adhap.fr\/carriere\/#website","url":"https:\/\/www.adhap.fr\/carriere\/","name":"Espace marque employeur","description":"","potentialAction":[{"@type":"SearchAction","target":{"@type":"EntryPoint","urlTemplate":"https:\/\/www.adhap.fr\/carriere\/?s={search_term_string}"},"query-input":{"@type":"PropertyValueSpecification","valueRequired":true,"valueName":"search_term_string"}}],"inLanguage":"fr-FR"}]}},"_links":{"self":[{"href":"https:\/\/www.adhap.fr\/carriere\/wp-json\/wp\/v2\/pages\/532","targetHints":{"allow":["GET"]}}],"collection":[{"href":"https:\/\/www.adhap.fr\/carriere\/wp-json\/wp\/v2\/pages"}],"about":[{"href":"https:\/\/www.adhap.fr\/carriere\/wp-json\/wp\/v2\/types\/page"}],"author":[{"embeddable":true,"href":"https:\/\/www.adhap.fr\/carriere\/wp-json\/wp\/v2\/users\/3"}],"replies":[{"embeddable":true,"href":"https:\/\/www.adhap.fr\/carriere\/wp-json\/wp\/v2\/comments?post=532"}],"version-history":[{"count":6,"href":"https:\/\/www.adhap.fr\/carriere\/wp-json\/wp\/v2\/pages\/532\/revisions"}],"predecessor-version":[{"id":1519,"href":"https:\/\/www.adhap.fr\/carriere\/wp-json\/wp\/v2\/pages\/532\/revisions\/1519"}],"up":[{"embeddable":true,"href":"https:\/\/www.adhap.fr\/carriere\/wp-json\/wp\/v2\/pages\/550"}],"wp:attachment":[{"href":"https:\/\/www.adhap.fr\/carriere\/wp-json\/wp\/v2\/media?parent=532"}],"curies":[{"name":"wp","href":"https:\/\/api.w.org\/{rel}","templated":true}]}}